 Let v = -17 - o. What is the units digit of v?
6
Suppose 3*n - n = 0. Suppose n = 2*l - 17 - 1. What is the units digit of l?
9
Let b be 0/1 + (-32)/(-2). Let o(m) = 2*m - 9. Let i be o(6). Suppose i*s - b = -2*j, j = -j + 3*s - 8. What is the units digit of j?
2
Let g(i) = -i**3 - 3*i**2 - 4*i - 3. Let n(x) = 3*x + 6. Let h be n(-3). What is the units digit of g(h)?
9
Let f be (0/6)/(0 + -2). Suppose 4*p - 16 = f, -p - 27 = -4*i + 105. What is the tens digit of i?
3
Suppose -4*m = -26 + 2. Let f = 21 - m. Suppose 5*b - 2*p + 1 = -0, 0 = 5*p - f. What is the units digit of b?
1
Let p be (-15)/(-20) - 21/(-4). Suppose 3*c = -3*j + 69, 3*j - 9 = p*j. Suppose 4*b = -b + 3*m + c, 5*b + 2*m = 41. What is the units digit of b?
7
Suppose g - 3*l = 36, -5*g + 160 = -0*g - 5*l. Suppose -d - g = -4*z + 6, -5*z - d + 45 = 0. What is the units digit of z?
9
Let y(l) be the second derivative of -l**3/6 + 3*l. Let t be y(0). Let d = t + 2. What is the units digit of d?
2
Let s(h) = -h + 19. Suppose -p - 2*p + 24 = 0. What is the units digit of s(p)?
1
Suppose -2*k - 1 = i, 2*k = 2*i - 10 + 24. What is the units digit of k?
2
Let d = 19 - 16. Suppose -d = 6*o - 7*o. What is the units digit of o?
3
Let r = 6 - 1. Suppose 0 = -r*w + l + 4*l + 10, w - 5*l = 10. What is the units digit of 1 - (1 + -7 + w)?
7
Let s(q) = q**2 + 6*q + 3. Let a be s(-6). Let x(p) = -4*p + 1. Let w be x(-2). Suppose l = 3*h - 17, -a*l - w = -h - 6*l. What is the units digit of h?
6
Suppose 0 = 2*b - 1 - 11. Suppose -2*q = b, -5*q - 3 = 4*t - 0*q. Suppose -t*x + 0*x = 5*h - 52, 2*h + 66 = 5*x. What is the units digit of x?
4
Let t be 2/(-4) + 106/4. Suppose 2*i - 82 = t. Suppose -2*f = 3*o - 24, -5*f + i = 2*o + 16. What is the units digit of f?
6
Suppose 5*j - 3*j = 4. Suppose j*c = -c + 3. Suppose -a + 6 + c = 0. What is the units digit of a?
7
Let x(u) = 4*u + 9. What is the units digit of x(-2)?
1
Let z(x) = -x + 6. Suppose 4*m + 3*l + 31 = -0*l, 2*m = -2*l - 16. What is the tens digit of z(m)?
1
Let h be (-3)/(-2)*(-1 - -3). Let g(v) = v - 4 - 2*v**3 + 9*v**3 - v**h + 3. What is the units digit of g(1)?
6
Let r(s) = 2*s - 3 + 0 - 4*s**2 + s**3 + s**3. Let n be r(3). Let l = n + -4. What is the units digit of l?
7
Let n(w) = -w + 2. Let l be n(-2). Suppose 0 = 2*z + 2*z. Suppose 4*t + 5*p = 3, -l*t - 4*p + 0*p + 4 = z. What is the units digit of t?
2
Suppose 6*g = 9*g + 6. Let q = g - -6. What is the units digit of (-30)/q*4/(-3)?
0
Suppose 0 = 5*a - 4*f - 191, 4*f + 0*f = 2*a - 86. Suppose -2*q - 3*o - 15 = -0*q, 5*q + 10 = -2*o. Suppose 0 = -q*j - 5*j + a. What is the units digit of j?
7
Suppose 5*r = r + 80. What is the tens digit of r?
2
What is the units digit of (340/5)/(2/6)?
4
Let z = -12 - -19. Suppose 2*m + 4*x + 4 = -12, -4*m = -3*x - 12. Let t = z + m. What is the units digit of t?
7
Let i(s) = s - 2. Let x be i(4). Let c be 4/(4/3 - x). What is the units digit of 18/4 + (-3)/c?
5
Let t = -41 + 69. What is the tens digit of t?
2
Suppose 3*s + 5*u - 13 = 0, 0 = 2*s + u + 3*u - 10. Let m = 2 + s. Suppose -g = -m*g + 2. What is the units digit of g?
1
Let x be ((-3)/(-6))/((-1)/(-6)). Suppose -8 = -x*b - b, -n + 1 = -b. What is the units digit of n?
3
Suppose -2*d + 0*x = 2*x - 14, -5*x + 25 = 3*d. What is the units digit of d?
5
Suppose 5*h - 61 - 19 = 0. Let c be h - (-2 + 1 + -1). Suppose 3*z - c - 9 = 0. What is the units digit of z?
9
Suppose 3*u = -0*u + 3*s + 723, 980 = 4*u + 4*s. What is the units digit of u?
3
Let d = 9 - 6. Suppose d*m = 2*m + 1. What is the units digit of m?
1
Suppose 224 = 17*c - 16*c. What is the hundreds digit of c?
2
Suppose -3*p + 0*p - 4*y + 13 = 0, -3*p = -4*y - 5. Let t = p + 1. Suppose o + 3*l = -0*o - t, 0 = -o - 5*l - 10. What is the units digit of o?
5
Let c(h) = 5*h + 103. What is the units digit of c(18)?
3
Let d be 2/4 - 13/2. Let z be 135/(-10) + d/4. Let b = z - -21. What is the units digit of b?
6
Let q be (-1 + 2)/((-2)/(-4)). Let p = q - -1. Let v = p + 3. What is the units digit of v?
6
Suppose -1428 = -4*g - 252. What is the units digit of g?
4
Let j(i) = 2*i**2 + 4*i + 3. Let r be j(-3). What is the units digit of (-2 + -1)*(-12)/r?
4
Suppose 229 = 6*v - 683. What is the units digit of v?
2
Let w be ((2 + -2)*1)/1. Suppose -t = -6*n + 2*n + 71, 4*t + 3*n + 246 = w. What is the units digit of ((-1)/(-3))/((-3)/t)?
7
Let z be 1/((-3)/(-18)) + -2. Suppose 0*w + 12 = -3*j - z*w, -3*j = 5*w + 15. What is the units digit of (0 + -1)*(-5 + j)?
5
Let h = -10 + 13. Suppose -h*a - 27 = -j + a, -3*a - 22 = -j. What is the units digit of j?
7
Let h(k) = -k**2 - k - 3. Let u be h(-7). Let a be (-8)/(-3)*u/(-12). Suppose -z + 2*z - a = 0. What is the units digit of z?
0
Let x(n) = n**3 - 7*n**2 + 2*n + 5. Let q be x(7). Suppose -d = 7 - q. Suppose 30 = 3*a + d. What is the units digit of a?
6
Let l(c) = c + 5. Let v be l(-4). Let y = v + 5. What is the units digit of y?
6
Let j(n) = -n**3 - n + 2. Let g(i) = -9*i**3 + 2*i**2 - 1. Let l be g(-1). Suppose 3*s + 0*s = q - l, 3*s + 20 = -4*q. What is the tens digit of j(q)?
1
Suppose -2*m = -4*w - 10, 4*w - 4*m - 25 = -9*m. Suppose -5*u + 108 - 8 = w. What is the tens digit of u?
2
Let n = 200 - 114. What is the units digit of n?
6
Let w(g) = -3*g + 3. Let k(b) = 10*b - 9. Let z(h) = -2*k(h) - 7*w(h). What is the units digit of z(4)?
1
Let l(i) = -4*i - 5. Suppose -2*k + 7*k + 35 = 0. What is the units digit of l(k)?
3
Let z be ((-306)/(-24))/(3/(-8)). Let w = z + 57. What is the units digit of w?
3
Let o(r) = -r - 11. Let n be o(-9). Let y be 36/((-10)/8 - n). Suppose -5*x - k = -0*k - 30, 4*k + y = 4*x. What is the units digit of x?
7
Let h(q) = -q**3 - 4*q**2 + q + 4. Let s be h(-4). Let t be (-2)/(s - 1/10). Suppose -t = -4*n - 0*n. What is the units digit of n?
5
What is the units digit of (-10)/(-7) - 12/28?
1
Let b = 3 + -6. Let z = b - -8. Suppose 4 + 6 = z*x. What is the units digit of x?
2
Let u(o) = -o**3 - o**2 - o + 5. Let y be u(0). Let i(j) = j - 4. Let h be i(y). Let c = h - -4. What is the units digit of c?
5
Let w be (-2)/((1/2)/1). Suppose -50 = -6*f + f. Let k = f + w. What is the units digit of k?
6
Suppose 3 - 13 = -5*j. Suppose -2*z + 24 = -5*h + 3, j*z = -4*h + 30. What is the tens digit of z?
1
Let c(w) = -w**3 + 5*w**2 + 5*w + 2. Let d be c(6). Let k(r) = -4*r + 4. Let a be k(d). Suppose -a + 0 = -4*n. What is the units digit of n?
5
What is the units digit of (10/20)/(2/292 - 0)?
3
What is the units digit of 75/(-10)*(0 + -4)?
0
Let z = -1 + -9. Let g = z + 26. Suppose 16 = 4*p - g. What is the units digit of p?
8
Suppose -4*a + 0 + 24 = 0. What is the units digit of a?
6
Let m(c) = -c**3 - 5*c**2 - 4*c + 7. What is the units digit of m(-5)?
7
Let r(u) = -u**2 + 6*u + 1. Let t be r(6). Suppose 3*z = 6, -3*x + 2*z - 3*z + 11 = 0. Let o = x + t. What is the units digit of o?
4
Let m = -18 + 60. What is the units digit of m?
2
Suppose 3*i = -5*w - 28, i - 19 = 3*w + w. Let x(j) = -j**2 - 6*j + 2. What is the units digit of x(w)?
7
Let m(s) = -15*s + 11. What is the tens digit of m(-7)?
1
Let l(r) = -19*r + 24. What is the hundreds digit of l(-13)?
2
Suppose q + 36 = -q. What is the tens digit of (-6)/(-4)*(-132)/q?
1
What is the units digit of (-15)/(4 + -7)*(-723)/(-15)?
1
Let b = -8 - -13. Suppose -7*p = -b*p - 18. Let q = 17 - p. What is the units digit of q?
8
Let z(r) be the third derivative of -7*r**4/24 - r**2. What is the units digit of z(-1)?
7
Let i = 2 - 0. Let s(k) = -k**2 + 2*k. Let t be s(i). Suppose 8 = -2*h - 4*r, t = 2*h - 2*r + r - 12. What is the units digit of h?
4
Let x = -30 + 18. Let u be 465/27 - (-4)/(-18). Let w = u + x. What is the units digit of w?
5
Let l(t) be the second derivative of -5*t**3/6 + 7*t**2/2 - 3*t. What is the tens digit of l(-7)?
4
Let g(l) = -l**2 - 2*l + 4. Let n be g(-7). Let z = 43 + n. What is the units digit of z?
2
Let o = 2 - 2. What is the units digit of (3 - -22) + o + 0?
5
Suppose 0 = 4*b - 2*b + 36. What is the units digit of (-1)/(-6) + (-87)/b?
5
Suppose 7*p - 3*n - 6 = 5*p, p + 8 = -4*n. Let j be 33 + p + -1 + 3. Suppose -4*z + j + 17 = 0. What is the units digit of z?
3
Let l(n) = 13*n**2 + n - 1. Let v(z) = -2*z - 1. Let x be v(-12). Suppose -5*y = -0*y + 3*j - 17, 3*y - x = -5*j. What is the tens d